{"id":1590,"date":"2022-01-24T11:59:27","date_gmt":"2022-01-24T10:59:27","guid":{"rendered":"https:\/\/www.florencegourier.fr\/?page_id=1590"},"modified":"2022-01-24T12:00:31","modified_gmt":"2022-01-24T11:00:31","slug":"anatomie-dun-arbre","status":"publish","type":"page","link":"https:\/\/www.florencegourier.fr\/index.php\/anatomie-dun-arbre\/","title":{"rendered":"Anatomie d&#8217;un arbre"},"content":{"rendered":"\t\t<div data-elementor-type=\"wp-page\" data-elementor-id=\"1590\" class=\"elementor elementor-1590\">\n\t\t\t\t\t\t<section class=\"elementor-section elementor-top-section elementor-element elementor-element-f192610 elementor-section-boxed elementor-section-height-default elementor-section-height-default\" data-id=\"f192610\" data-element_type=\"section\">\n\t\t\t\t\t\t<div class=\"elementor-container elementor-column-gap-default\">\n\t\t\t\t\t<div class=\"elementor-column elementor-col-100 elementor-top-column elementor-element elementor-element-91f35ec\" data-id=\"91f35ec\" data-element_type=\"column\">\n\t\t\t<div class=\"elementor-widget-wrap elementor-element-populated\">\n\t\t\t\t\t\t<div class=\"elementor-element elementor-element-9b228a0 elementor-widget elementor-widget-heading\" data-id=\"9b228a0\" data-element_type=\"widget\" data-widget_type=\"heading.default\">\n\t\t\t\t<div class=\"elementor-widget-container\">\n\t\t\t<h5 class=\"elementor-heading-title elementor-size-default\">Anatomie d'un arbre<\/h5>\t\t<\/div>\n\t\t\t\t<\/div>\n\t\t\t\t\t<\/div>\n\t\t<\/div>\n\t\t\t\t\t<\/div>\n\t\t<\/section>\n\t\t\t\t<section class=\"elementor-section elementor-top-section elementor-element elementor-element-d5977fa elementor-section-boxed elementor-section-height-default elementor-section-height-default\" data-id=\"d5977fa\" data-element_type=\"section\">\n\t\t\t\t\t\t<div class=\"elementor-container elementor-column-gap-default\">\n\t\t\t\t\t\t<\/div>\n\t\t<\/section>\n\t\t\t\t<section class=\"elementor-section elementor-top-section elementor-element elementor-element-71f3b34 elementor-section-boxed elementor-section-height-default elementor-section-height-default\" data-id=\"71f3b34\" data-element_type=\"section\">\n\t\t\t\t\t\t<div class=\"elementor-container elementor-column-gap-default\">\n\t\t\t\t\t<div class=\"elementor-column elementor-col-100 elementor-top-column elementor-element elementor-element-4767d16\" data-id=\"4767d16\" data-element_type=\"column\">\n\t\t\t<div class=\"elementor-widget-wrap elementor-element-populated\">\n\t\t\t\t\t\t<div class=\"elementor-element elementor-element-a0a541e elementor-widget elementor-widget-video\" data-id=\"a0a541e\" data-element_type=\"widget\" data-settings=\"{&quot;video_type&quot;:&quot;vimeo&quot;,&quot;loop&quot;:&quot;yes&quot;}\" data-widget_type=\"video.default\">\n\t\t\t\t<div class=\"elementor-widget-container\">\n\t\t\t\t\t<div class=\"elementor-wrapper elementor-open-inline\">\n\t\t\t<iframe class=\"elementor-video-iframe\" allowfullscreen allow=\"clipboard-write\" title=\"vimeo Video Player\" src=\"https:\/\/player.vimeo.com\/video\/643883231?color=FFFFFF&amp;autopause=0&amp;loop=1&amp;muted=0&amp;title=0&amp;portrait=0&amp;byline=0#t=\"><\/iframe>\t\t<\/div>\n\t\t\t\t<\/div>\n\t\t\t\t<\/div>\n\t\t\t\t<section class=\"elementor-section elementor-inner-section elementor-element elementor-element-c328758 elementor-section-boxed elementor-section-height-default elementor-section-height-default\" data-id=\"c328758\" data-element_type=\"section\">\n\t\t\t\t\t\t<div class=\"elementor-container elementor-column-gap-default\">\n\t\t\t\t\t<div class=\"elementor-column elementor-col-100 elementor-inner-column elementor-element elementor-element-f0c4f67\" data-id=\"f0c4f67\" data-element_type=\"column\">\n\t\t\t<div class=\"elementor-widget-wrap elementor-element-populated\">\n\t\t\t\t\t\t<div class=\"elementor-element elementor-element-5c72f49 elementor-widget elementor-widget-text-editor\" data-id=\"5c72f49\" data-element_type=\"widget\" data-widget_type=\"text-editor.default\">\n\t\t\t\t<div class=\"elementor-widget-container\">\n\t\t\t\t\t\t\t<p style=\"text-align: center;\">Vid\u00e9o : Anne-Marie Gourier. Appuyez sur play \u00ab \u25b6\ufe0e \u00bb.<\/p>\t\t\t\t\t\t<\/div>\n\t\t\t\t<\/div>\n\t\t\t\t\t<\/div>\n\t\t<\/div>\n\t\t\t\t\t<\/div>\n\t\t<\/section>\n\t\t\t\t<div class=\"elementor-element elementor-element-5af9d8c elementor-widget elementor-widget-text-editor\" data-id=\"5af9d8c\" data-element_type=\"widget\" data-widget_type=\"text-editor.default\">\n\t\t\t\t<div class=\"elementor-widget-container\">\n\t\t\t\t\t\t\t<div class=\"\">La pr\u00e9occupation des arbres nourrit mon travail depuis des ann\u00e9es. Par un heureux hasard, le septi\u00e8me platane de l\u2019all\u00e9e Buffon du Jardin des Plantes \u2013 source d\u2019inspiration r\u00e9currente \u2013 est venu enrichir la for\u00eat de mes bonnes fortunes.<\/div><div class=\"\">\u00a0<\/div><div class=\"\">L\u2019\u00e9lagueur charg\u00e9 de l\u2019abattre le 9 novembre 2020 m\u2019a gard\u00e9 l\u2019amorce des branches charpenti\u00e8res, pr\u00e9conisant un s\u00e9jour dans l\u2019eau afin d\u2019\u00e9vacuer la s\u00e8ve qui risque de faire \u00e9clater le bois. Les six mois requis ont pass\u00e9 et le tron\u00e7on \u00e9vid\u00e9 \u00e0 la gouge apporte la preuve que, mort ou vif \u2013 m\u00eame s\u2019il n\u2019atteint jamais la puissance du platane n\u00b0 14 028 \u00e0 l\u2019angle de la rue Linn\u00e9, avec ses racines de pachyderme, son torse et ses membres au pelage de panth\u00e8re \u2013 le n\u00b0 7 continue d\u2019exister. Pendant qu\u2019il trempait dans une bassine d\u2019eau, pour tromper l\u2019attente, j\u2019ai fabriqu\u00e9 des simulacres qui ont \u00e9volu\u00e9 vers la cage thoracique. Peut-\u00eatre sous l\u2019influence de V\u00e9sale, auquel cas l\u2019anatomiste de la Renaissance dont la rue fait face \u00e0 l\u2019atelier m\u2019aura aussi inspir\u00e9 le titre de l\u2019exposition en vue :\u00a0<em class=\"\">L\u2019anatomie d\u2019un arbre<\/em>.<\/div>\t\t\t\t\t\t<\/div>\n\t\t\t\t<\/div>\n\t\t\t\t<div class=\"elementor-element elementor-element-b1555a5 elementor-widget elementor-widget-spacer\" data-id=\"b1555a5\" data-element_type=\"widget\" data-widget_type=\"spacer.default\">\n\t\t\t\t<div class=\"elementor-widget-container\">\n\t\t\t\t\t<div class=\"elementor-spacer\">\n\t\t\t<div class=\"elementor-spacer-inner\"><\/div>\n\t\t<\/div>\n\t\t\t\t<\/div>\n\t\t\t\t<\/div>\n\t\t\t\t<div class=\"elementor-element elementor-element-897255e elementor-widget elementor-widget-text-editor\" data-id=\"897255e\" data-element_type=\"widget\" data-widget_type=\"text-editor.default\">\n\t\t\t\t<div class=\"elementor-widget-container\">\n\t\t\t\t\t\t\t<p style=\"text-align: center;\">R\u00e9apparition du platane n\u00b0 7 de l\u2019all\u00e9e Buffon au Jardin des Plantes en\u00a0<em class=\"\">Torse<\/em>\u00a0doubl\u00e9 \u00e0 la feuille de plomb \u2013 H 55 cm \u2013 \u00d8 35 cm \u2013 2021<\/p>\t\t\t\t\t\t<\/div>\n\t\t\t\t<\/div>\n\t\t\t\t<div class=\"elementor-element elementor-element-c4564b9 elementor-widget elementor-widget-shortcode\" data-id=\"c4564b9\" data-element_type=\"widget\" data-widget_type=\"shortcode.default\">\n\t\t\t\t<div class=\"elementor-widget-container\">\n\t\t\t\t\t<div class=\"elementor-shortcode\"><div  id=\"jtg-1612\" class=\"modula modula-gallery modula-columns\" data-config=\"{&quot;tabletHeight&quot;:1200,&quot;mobileHeight&quot;:1200,&quot;desktopHeight&quot;:1200,&quot;enableTwitter&quot;:false,&quot;enableWhatsapp&quot;:false,&quot;enableFacebook&quot;:false,&quot;enablePinterest&quot;:false,&quot;enableLinkedin&quot;:false,&quot;enableEmail&quot;:false,&quot;randomFactor&quot;:0.8,&quot;type&quot;:&quot;grid&quot;,&quot;columns&quot;:12,&quot;gutter&quot;:14,&quot;mobileGutter&quot;:14,&quot;tabletGutter&quot;:14,&quot;desktopGutter&quot;:14,&quot;enableResponsive&quot;:&quot;0&quot;,&quot;tabletColumns&quot;:&quot;2&quot;,&quot;mobileColumns&quot;:&quot;1&quot;,&quot;lazyLoad&quot;:0,&quot;lightboxOpts&quot;:{&quot;animated&quot;:true,&quot;Thumbs&quot;:{&quot;type&quot;:&quot;modern&quot;,&quot;showOnStart&quot;:false},&quot;Toolbar&quot;:{&quot;display&quot;:{&quot;right&quot;:[&quot;close&quot;]},&quot;enabled&quot;:true},&quot;Carousel&quot;:{&quot;Panzoom&quot;:{&quot;touch&quot;:true},&quot;infinite&quot;:false},&quot;keyboard&quot;:{&quot;Escape&quot;:&quot;close&quot;,&quot;Delete&quot;:&quot;close&quot;,&quot;Backspace&quot;:&quot;close&quot;,&quot;PageUp&quot;:false,&quot;PageDown&quot;:false,&quot;ArrowUp&quot;:false,&quot;ArrowDown&quot;:false,&quot;ArrowRight&quot;:false,&quot;ArrowLeft&quot;:false},&quot;touch&quot;:false,&quot;backdropClick&quot;:false,&quot;l10n&quot;:{&quot;CLOSE&quot;:&quot;Close&quot;,&quot;NEXT&quot;:&quot;Next&quot;,&quot;PREV&quot;:&quot;Previous&quot;,&quot;Error&quot;:&quot;The requested content cannot be loaded. Please try again later.&quot;,&quot;PLAY_START&quot;:&quot;Start slideshow&quot;,&quot;PLAY_STOP&quot;:&quot;Pause slideshow&quot;,&quot;FULL_SCREEN&quot;:&quot;Full screen&quot;,&quot;THUMBS&quot;:&quot;Thumbnails&quot;,&quot;DOWNLOAD&quot;:&quot;Download&quot;,&quot;SHARE&quot;:&quot;Share&quot;,&quot;ZOOM&quot;:&quot;Zoom&quot;,&quot;EMAIL&quot;:&quot;Here is the link to the image : %%image_link%% and this is the link to the gallery : %%gallery_link%%&quot;,&quot;MODAL&quot;:&quot;You can close this modal content with the ESC key&quot;,&quot;ERROR&quot;:&quot;Something Went Wrong, Please Try Again Later&quot;,&quot;IMAGE_ERROR&quot;:&quot;Image Not Found&quot;,&quot;ELEMENT_NOT_FOUND&quot;:&quot;HTML Element Not Found&quot;,&quot;AJAX_NOT_FOUND&quot;:&quot;Error Loading AJAX : Not Found&quot;,&quot;AJAX_FORBIDDEN&quot;:&quot;Error Loading AJAX : Forbidden&quot;,&quot;IFRAME_ERROR&quot;:&quot;Error Loading Page&quot;,&quot;TOGGLE_ZOOM&quot;:&quot;Toggle zoom level&quot;,&quot;TOGGLE_THUMBS&quot;:&quot;Toggle thumbnails&quot;,&quot;TOGGLE_SLIDESHOW&quot;:&quot;Toggle slideshow&quot;,&quot;TOGGLE_FULLSCREEN&quot;:&quot;Toggle full-screen mode&quot;},&quot;Images&quot;:{&quot;Panzoom&quot;:{&quot;maxScale&quot;:2}},&quot;mainClass&quot;:&quot;modula-fancybox-container modula-lightbox-jtg-1612&quot;,&quot;Html&quot;:{&quot;videoAutoplay&quot;:0,&quot;videoTpl&quot;:&quot;&lt;video class=\\&quot;fancybox__html5video\\&quot; controls muted playsinline controlsList controlsList=\\&quot;nodownload\\&quot; poster=\\&quot;{{poster}}\\&quot; src=\\&quot;{{src}}\\&quot; type=\\&quot;{{format}}\\&quot; &gt;  Sorry, your browser doesn&#039;t support embedded videos, &lt;a href=\\&quot;{{src}}\\&quot;&gt; download &lt;\\\/a&gt; and watch with your favorite video player! &lt;\\\/video&gt;&quot;}},&quot;inView&quot;:false,&quot;email_subject&quot;:&quot;Check out this awesome image !!&quot;,&quot;email_message&quot;:&quot;Here is the link to the image : %%image_link%% and this is the link to the gallery : %%gallery_link%%&quot;,&quot;grid_type&quot;:&quot;3&quot;,&quot;rowHeight&quot;:150,&quot;lastRow&quot;:&quot;justify&quot;,&quot;lightbox&quot;:&quot;fancybox&quot;}\">\n\n\t<div class=\"modula-grid-sizer\"> <\/div>\n\t<div  class=\"modula-items grid-gallery\">\n\t\t<div class=\"modula-item effect-pufrobo\" >\n\t<div class=\"modula-item-overlay\"><\/div>\n\n\t<div class=\"modula-item-content\">\n\n\t\t<a data-image-id=\"1621\" role=\"button\" data-elementor-open-lightbox=\"no\" tabindex=\"0\" rel=\"jtg-1612\" data-caption=\"\" aria-label=\"Open image in lightbox\" class=\"tile-inner modula-item-link\"><\/a><img fetchpriority=\"high\" decoding=\"async\" class=\"pic wp-image-1621\"  data-valign=\"middle\" data-halign=\"center\" alt=\"\" data-full=\"https:\/\/www.florencegourier.fr\/wp-content\/uploads\/2022\/01\/Platane1-copie.jpeg\" title=\"Platane1 copie\" crop=\"\" width=\"591\" height=\"591\" src=\"https:\/\/www.florencegourier.fr\/wp-content\/uploads\/2022\/01\/Platane1-copie.jpeg\" data-src=\"https:\/\/www.florencegourier.fr\/wp-content\/uploads\/2022\/01\/Platane1-copie.jpeg\" data-caption=\"\" srcset=\"https:\/\/www.florencegourier.fr\/wp-content\/uploads\/2022\/01\/Platane1-copie.jpeg 591w, https:\/\/www.florencegourier.fr\/wp-content\/uploads\/2022\/01\/Platane1-copie-300x300.jpeg 300w, https:\/\/www.florencegourier.fr\/wp-content\/uploads\/2022\/01\/Platane1-copie-150x150.jpeg 150w\" sizes=\"(max-width: 591px) 100vw, 591px\" \/>\n\t\t<div class=\"figc no-description\">\n\t\t\t<div class=\"figc-inner\">\n\t\t\t\t\t\t\t\t\t\t\t\t\t\t\t<\/div>\n\t\t<\/div>\n\n\t<\/div>\n\n<\/div><div class=\"modula-item effect-pufrobo\" >\n\t<div class=\"modula-item-overlay\"><\/div>\n\n\t<div class=\"modula-item-content\">\n\n\t\t<a data-image-id=\"1617\" role=\"button\" data-elementor-open-lightbox=\"no\" tabindex=\"0\" rel=\"jtg-1612\" data-caption=\"\" aria-label=\"Open image in lightbox\" class=\"tile-inner modula-item-link\"><\/a><img decoding=\"async\" class=\"pic wp-image-1617\"  data-valign=\"middle\" data-halign=\"center\" alt=\"\" data-full=\"https:\/\/www.florencegourier.fr\/wp-content\/uploads\/2022\/01\/Platane4-copie-1.jpg\" title=\"Platane4 copie\" crop=\"\" width=\"591\" height=\"591\" src=\"https:\/\/www.florencegourier.fr\/wp-content\/uploads\/2022\/01\/Platane4-copie-1.jpg\" data-src=\"https:\/\/www.florencegourier.fr\/wp-content\/uploads\/2022\/01\/Platane4-copie-1.jpg\" data-caption=\"\" srcset=\"https:\/\/www.florencegourier.fr\/wp-content\/uploads\/2022\/01\/Platane4-copie-1.jpg 591w, https:\/\/www.florencegourier.fr\/wp-content\/uploads\/2022\/01\/Platane4-copie-1-300x300.jpg 300w, https:\/\/www.florencegourier.fr\/wp-content\/uploads\/2022\/01\/Platane4-copie-1-150x150.jpg 150w\" sizes=\"(max-width: 591px) 100vw, 591px\" \/>\n\t\t<div class=\"figc no-description\">\n\t\t\t<div class=\"figc-inner\">\n\t\t\t\t\t\t\t\t\t\t\t\t\t\t\t<\/div>\n\t\t<\/div>\n\n\t<\/div>\n\n<\/div><div class=\"modula-item effect-pufrobo\" >\n\t<div class=\"modula-item-overlay\"><\/div>\n\n\t<div class=\"modula-item-content\">\n\n\t\t<a data-image-id=\"1623\" role=\"button\" data-elementor-open-lightbox=\"no\" tabindex=\"0\" rel=\"jtg-1612\" data-caption=\"\" aria-label=\"Open image in lightbox\" class=\"tile-inner modula-item-link\"><\/a><img decoding=\"async\" class=\"pic wp-image-1623\"  data-valign=\"middle\" data-halign=\"center\" alt=\"\" data-full=\"https:\/\/www.florencegourier.fr\/wp-content\/uploads\/2022\/01\/Platane3-copie.jpeg\" title=\"Platane3 copie\" crop=\"\" width=\"591\" height=\"591\" src=\"https:\/\/www.florencegourier.fr\/wp-content\/uploads\/2022\/01\/Platane3-copie.jpeg\" data-src=\"https:\/\/www.florencegourier.fr\/wp-content\/uploads\/2022\/01\/Platane3-copie.jpeg\" data-caption=\"\" srcset=\"https:\/\/www.florencegourier.fr\/wp-content\/uploads\/2022\/01\/Platane3-copie.jpeg 591w, https:\/\/www.florencegourier.fr\/wp-content\/uploads\/2022\/01\/Platane3-copie-300x300.jpeg 300w, https:\/\/www.florencegourier.fr\/wp-content\/uploads\/2022\/01\/Platane3-copie-150x150.jpeg 150w\" sizes=\"(max-width: 591px) 100vw, 591px\" \/>\n\t\t<div class=\"figc no-description\">\n\t\t\t<div class=\"figc-inner\">\n\t\t\t\t\t\t\t\t\t\t\t\t\t\t\t<\/div>\n\t\t<\/div>\n\n\t<\/div>\n\n<\/div><div class=\"modula-item effect-pufrobo\" >\n\t<div class=\"modula-item-overlay\"><\/div>\n\n\t<div class=\"modula-item-content\">\n\n\t\t<a data-image-id=\"1622\" role=\"button\" data-elementor-open-lightbox=\"no\" tabindex=\"0\" rel=\"jtg-1612\" data-caption=\"\" aria-label=\"Open image in lightbox\" class=\"tile-inner modula-item-link\"><\/a><img loading=\"lazy\" decoding=\"async\" class=\"pic wp-image-1622\"  data-valign=\"middle\" data-halign=\"center\" alt=\"\" data-full=\"https:\/\/www.florencegourier.fr\/wp-content\/uploads\/2022\/01\/Platane2-copie.jpeg\" title=\"Platane2 copie\" crop=\"\" width=\"591\" height=\"591\" src=\"https:\/\/www.florencegourier.fr\/wp-content\/uploads\/2022\/01\/Platane2-copie.jpeg\" data-src=\"https:\/\/www.florencegourier.fr\/wp-content\/uploads\/2022\/01\/Platane2-copie.jpeg\" data-caption=\"\" srcset=\"https:\/\/www.florencegourier.fr\/wp-content\/uploads\/2022\/01\/Platane2-copie.jpeg 591w, https:\/\/www.florencegourier.fr\/wp-content\/uploads\/2022\/01\/Platane2-copie-300x300.jpeg 300w, https:\/\/www.florencegourier.fr\/wp-content\/uploads\/2022\/01\/Platane2-copie-150x150.jpeg 150w\" sizes=\"(max-width: 591px) 100vw, 591px\" \/>\n\t\t<div class=\"figc no-description\">\n\t\t\t<div class=\"figc-inner\">\n\t\t\t\t\t\t\t\t\t\t\t\t\t\t\t<\/div>\n\t\t<\/div>\n\n\t<\/div>\n\n<\/div><div class=\"modula-item effect-pufrobo\" >\n\t<div class=\"modula-item-overlay\"><\/div>\n\n\t<div class=\"modula-item-content\">\n\n\t\t<a data-image-id=\"1624\" role=\"button\" data-elementor-open-lightbox=\"no\" tabindex=\"0\" rel=\"jtg-1612\" data-caption=\"\" aria-label=\"Open image in lightbox\" class=\"tile-inner modula-item-link\"><\/a><img loading=\"lazy\" decoding=\"async\" class=\"pic wp-image-1624\"  data-valign=\"middle\" data-halign=\"center\" alt=\"\" data-full=\"https:\/\/www.florencegourier.fr\/wp-content\/uploads\/2022\/01\/Platane5-copie.jpeg\" title=\"Platane5 copie\" crop=\"\" width=\"591\" height=\"591\" src=\"https:\/\/www.florencegourier.fr\/wp-content\/uploads\/2022\/01\/Platane5-copie.jpeg\" data-src=\"https:\/\/www.florencegourier.fr\/wp-content\/uploads\/2022\/01\/Platane5-copie.jpeg\" data-caption=\"\" srcset=\"https:\/\/www.florencegourier.fr\/wp-content\/uploads\/2022\/01\/Platane5-copie.jpeg 591w, https:\/\/www.florencegourier.fr\/wp-content\/uploads\/2022\/01\/Platane5-copie-300x300.jpeg 300w, https:\/\/www.florencegourier.fr\/wp-content\/uploads\/2022\/01\/Platane5-copie-150x150.jpeg 150w\" sizes=\"(max-width: 591px) 100vw, 591px\" \/>\n\t\t<div class=\"figc no-description\">\n\t\t\t<div class=\"figc-inner\">\n\t\t\t\t\t\t\t\t\t\t\t\t\t\t\t<\/div>\n\t\t<\/div>\n\n\t<\/div>\n\n<\/div><div class=\"modula-item effect-pufrobo\" >\n\t<div class=\"modula-item-overlay\"><\/div>\n\n\t<div class=\"modula-item-content\">\n\n\t\t<a data-image-id=\"1625\" role=\"button\" data-elementor-open-lightbox=\"no\" tabindex=\"0\" rel=\"jtg-1612\" data-caption=\"\" aria-label=\"Open image in lightbox\" class=\"tile-inner modula-item-link\"><\/a><img loading=\"lazy\" decoding=\"async\" class=\"pic wp-image-1625\"  data-valign=\"middle\" data-halign=\"center\" alt=\"\" data-full=\"https:\/\/www.florencegourier.fr\/wp-content\/uploads\/2022\/01\/Platane6-copie.jpeg\" title=\"Platane6 copie\" crop=\"\" width=\"591\" height=\"591\" src=\"https:\/\/www.florencegourier.fr\/wp-content\/uploads\/2022\/01\/Platane6-copie.jpeg\" data-src=\"https:\/\/www.florencegourier.fr\/wp-content\/uploads\/2022\/01\/Platane6-copie.jpeg\" data-caption=\"\" srcset=\"https:\/\/www.florencegourier.fr\/wp-content\/uploads\/2022\/01\/Platane6-copie.jpeg 591w, https:\/\/www.florencegourier.fr\/wp-content\/uploads\/2022\/01\/Platane6-copie-300x300.jpeg 300w, https:\/\/www.florencegourier.fr\/wp-content\/uploads\/2022\/01\/Platane6-copie-150x150.jpeg 150w\" sizes=\"(max-width: 591px) 100vw, 591px\" \/>\n\t\t<div class=\"figc no-description\">\n\t\t\t<div class=\"figc-inner\">\n\t\t\t\t\t\t\t\t\t\t\t\t\t\t\t<\/div>\n\t\t<\/div>\n\n\t<\/div>\n\n<\/div><div class=\"modula-item effect-pufrobo\" >\n\t<div class=\"modula-item-overlay\"><\/div>\n\n\t<div class=\"modula-item-content\">\n\n\t\t<a data-image-id=\"1626\" role=\"button\" data-elementor-open-lightbox=\"no\" tabindex=\"0\" rel=\"jtg-1612\" data-caption=\"\" aria-label=\"Open image in lightbox\" class=\"tile-inner modula-item-link\"><\/a><img loading=\"lazy\" decoding=\"async\" class=\"pic wp-image-1626\"  data-valign=\"middle\" data-halign=\"center\" alt=\"\" data-full=\"https:\/\/www.florencegourier.fr\/wp-content\/uploads\/2022\/01\/Platane7-copie.jpeg\" title=\"Platane7 copie\" crop=\"\" width=\"650\" height=\"650\" src=\"https:\/\/www.florencegourier.fr\/wp-content\/uploads\/2022\/01\/Platane7-copie.jpeg\" data-src=\"https:\/\/www.florencegourier.fr\/wp-content\/uploads\/2022\/01\/Platane7-copie.jpeg\" data-caption=\"\" srcset=\"https:\/\/www.florencegourier.fr\/wp-content\/uploads\/2022\/01\/Platane7-copie.jpeg 650w, https:\/\/www.florencegourier.fr\/wp-content\/uploads\/2022\/01\/Platane7-copie-300x300.jpeg 300w, https:\/\/www.florencegourier.fr\/wp-content\/uploads\/2022\/01\/Platane7-copie-150x150.jpeg 150w\" sizes=\"(max-width: 650px) 100vw, 650px\" \/>\n\t\t<div class=\"figc no-description\">\n\t\t\t<div class=\"figc-inner\">\n\t\t\t\t\t\t\t\t\t\t\t\t\t\t\t<\/div>\n\t\t<\/div>\n\n\t<\/div>\n\n<\/div>\t\t\n\t<\/div>\n\n\t\n\t\n\t<script type=\"application\/ld+json\">\n\t{\n\t\t\"@context\": \"http:\/\/schema.org\",\n\t\t\"@type\"   : \"ImageGallery\",\n\t\t\"id\"      : \"https:\/\/www.florencegourier.fr\/index.php\/anatomie-dun-arbre\/\",\n\t\t\"url\"     : \"https:\/\/www.florencegourier.fr\/index.php\/anatomie-dun-arbre\/\"\n\t}\n\n\t<\/script>\n\n\t\n<\/div>\n<\/div>\n\t\t\t\t<\/div>\n\t\t\t\t<\/div>\n\t\t\t\t\t<\/div>\n\t\t<\/div>\n\t\t\t\t\t<\/div>\n\t\t<\/section>\n\t\t\t\t<section class=\"elementor-section elementor-top-section elementor-element elementor-element-ab3ec91 elementor-section-boxed elementor-section-height-default elementor-section-height-default\" data-id=\"ab3ec91\" data-element_type=\"section\">\n\t\t\t\t\t\t<div class=\"elementor-container elementor-column-gap-default\">\n\t\t\t\t\t\t<\/div>\n\t\t<\/section>\n\t\t\t\t<section class=\"elementor-section elementor-top-section elementor-element elementor-element-9143d51 elementor-section-boxed elementor-section-height-default elementor-section-height-default\" data-id=\"9143d51\" data-element_type=\"section\">\n\t\t\t\t\t\t<div class=\"elementor-container elementor-column-gap-default\">\n\t\t\t\t\t<div class=\"elementor-column elementor-col-100 elementor-top-column elementor-element elementor-element-ff3d7da\" data-id=\"ff3d7da\" data-element_type=\"column\">\n\t\t\t<div class=\"elementor-widget-wrap\">\n\t\t\t\t\t\t\t<\/div>\n\t\t<\/div>\n\t\t\t\t\t<\/div>\n\t\t<\/section>\n\t\t\t\t<\/div>\n\t\t","protected":false},"excerpt":{"rendered":"<p>Anatomie d&#8217;un arbre https:\/\/vimeo.com\/643883231 Vid\u00e9o : Anne-Marie Gourier. Appuyez sur play \u00ab \u25b6\ufe0e \u00bb. La pr\u00e9occupation des arbres nourrit mon travail depuis des ann\u00e9es. Par un heureux hasard, le septi\u00e8me platane de l\u2019all\u00e9e Buffon du Jardin des Plantes \u2013 source d\u2019inspiration r\u00e9currente \u2013 est venu enrichir la for\u00eat de mes bonnes fortunes.\u00a0L\u2019\u00e9lagueur charg\u00e9 de l\u2019abattre [&hellip;]<\/p>\n","protected":false},"author":1,"featured_media":0,"parent":0,"menu_order":0,"comment_status":"closed","ping_status":"closed","template":"elementor_header_footer","meta":{"hide_page_title":"","footnotes":""},"_links":{"self":[{"href":"https:\/\/www.florencegourier.fr\/index.php\/wp-json\/wp\/v2\/pages\/1590"}],"collection":[{"href":"https:\/\/www.florencegourier.fr\/index.php\/wp-json\/wp\/v2\/pages"}],"about":[{"href":"https:\/\/www.florencegourier.fr\/index.php\/wp-json\/wp\/v2\/types\/page"}],"author":[{"embeddable":true,"href":"https:\/\/www.florencegourier.fr\/index.php\/wp-json\/wp\/v2\/users\/1"}],"replies":[{"embeddable":true,"href":"https:\/\/www.florencegourier.fr\/index.php\/wp-json\/wp\/v2\/comments?post=1590"}],"version-history":[{"count":14,"href":"https:\/\/www.florencegourier.fr\/index.php\/wp-json\/wp\/v2\/pages\/1590\/revisions"}],"predecessor-version":[{"id":1632,"href":"https:\/\/www.florencegourier.fr\/index.php\/wp-json\/wp\/v2\/pages\/1590\/revisions\/1632"}],"wp:attachment":[{"href":"https:\/\/www.florencegourier.fr\/index.php\/wp-json\/wp\/v2\/media?parent=1590"}],"curies":[{"name":"wp","href":"https:\/\/api.w.org\/{rel}","templated":true}]}}